9, 503
List the prime factors of 4908759.
3, 821, 1993
What are the prime factors of 254433?
3, 84811
What are the prime factors of 474690?
2, 3, 5, 15823
List the prime factors of 329948.
2, 82487
What are the prime factors of 329819?
7, 53, 127
What are the prime factors of 473979?
3, 11, 53, 271
What are the prime factors of 5803658?
2, 7, 59221
What are the prime factors of 1998765?
3, 5, 44417
What are the prime factors of 149003?
109, 1367
What are the prime factors of 2165478?
2, 3, 7, 47, 1097
List the prime factors of 7906886.
2, 13, 101, 3011
List the prime factors of 273361.
11, 24851
List the prime factors of 3693835.
5, 53, 263
What are the prime factors of 726725?
5, 41, 709
List the prime factors of 20673.
3, 2297
List the prime factors of 15491405.
5, 67, 131, 353
List the prime factors of 370035.
3, 5, 2741
What are the prime factors of 703638?
2, 3, 13, 31, 97
What are the prime factors of 56416?
2, 41, 43
List the prime factors of 19641.
3, 6547
List the prime factors of 15439.
15439
List the prime factors of 1219599.
3, 135511
List the prime factors of 2049457.
53, 38669
What are the prime factors of 3137801?
79, 39719
List the prime factors of 124656.
2, 3, 7, 53
List the prime factors of 280822.
2, 140411
What are the prime factors of 182741?
13, 14057
What are the prime factors of 163085?
5, 13, 193
What are the prime factors of 1047206?
2, 523603
What are the prime factors of 106988?
2, 7, 3821
What are the prime factors of 12618474?
2, 3, 11, 191189
List the prime factors of 324604.
2, 7, 11593
What are the prime factors of 6600374?
2, 11, 300017
List the prime factors of 1829908.
2, 43, 10639
List the prime factors of 1230233.
1230233
What are the prime factors of 222380?
2, 5, 11119
List the prime factors of 802458.
2, 3, 109, 409
List the prime factors of 352422.
2, 3, 7, 2797
What are the prime factors of 6750715?
5, 31, 97, 449
List the prime factors of 34312863.
3, 13, 879817
What are the prime factors of 336585?
3, 5, 19, 1181
List the prime factors of 550561.
11, 50051
What are the prime factors of 2667852?
2, 3, 11, 6737
What are the prime factors of 77453?
73, 1061
List the prime factors of 3809033.
1439, 2647
List the prime factors of 248097.
3, 82699
List the prime factors of 739849.
11, 103, 653
List the prime factors of 193320.
2, 3, 5, 179
What are the prime factors of 447078?
2, 3, 269, 277
What are the prime factors of 9241144?
2, 11, 19, 5527
What are the prime factors of 21373948?
2, 1097, 4871
What are the prime factors of 259932?
2, 3, 21661
List the prime factors of 189725.
5, 7589
What are the prime factors of 1468686?
2, 3, 244781
What are the prime factors of 514337?
37, 13901
List the prime factors of 6351962.
2, 31, 102451
List the prime factors of 514684.
2, 223, 577
What are the prime factors of 274025?
5, 97, 113
What are the prime factors of 304243?
367, 829
What are the prime factors of 630416?
2, 31, 41
List the prime factors of 21937030.
2, 5, 2193703
What are the prime factors of 45150?
2, 3, 5, 7, 43
What are the prime factors of 38541?
3, 29, 443
What are the prime factors of 4883045?
5, 457, 2137
List the prime factors of 39919271.
7, 139, 5861
What are the prime factors of 941805?
3, 5, 20929
List the prime factors of 1763725.
5, 70549
What are the prime factors of 11421721?
11421721
What are the prime factors of 12683054?
2, 17, 21943
List the prime factors of 1312924.
2, 383, 857
List the prime factors of 2044146.
2, 3, 13, 73, 359
List the prime factors of 1402112.
2, 5477
What are the prime factors of 1172442?
2, 3, 195407
List the prime factors of 17125.
5, 137
What are the prime factors of 695639?
7, 99377
List the prime factors of 464066.
2, 17, 13649
List the prime factors of 520515.
3, 5, 43, 269
What are the prime factors of 493846?
2, 246923
List the prime factors of 177066.
2, 3, 1093
List the prime factors of 1046319.
3, 43, 8111
List the prime factors of 5292838.
2, 569, 4651
What are the prime factors of 16636978?
2, 8318489
List the prime factors of 4128220.
2, 5, 206411
What are the prime factors of 292614?
2, 3, 7, 6967
List the prime factors of 714881.
714881
What are the prime factors of 10315477?
23, 41, 10939
What are the prime factors of 909587?
7, 19, 977
What are the prime factors of 427584?
2, 3, 17, 131
What are the prime factors of 513567?
3, 23, 827
What are the prime factors of 2313861?
3, 11, 70117
List the prime factors of 82293.
3, 27431
List the prime factors of 1267762.
2, 491, 1291
What are the prime factors of 5578047?
3, 31, 19993
What are the prime factors of 840117?
3, 97, 2887
What are the prime factors of 6911051?
7, 987293
What are the prime factors of 2091971?
7, 298853
What are the prime factors of 15030682?
2, 41, 183301
What are the prime factors of 3786584?
2, 503, 941
List the prime factors of 4054237.
11, 67, 5501
List the prime factors of 88905.
3, 5, 5927
List the prime factors of 37194.
2, 3, 6199
List the prime factors of 193611.
3, 11, 5867
What are the prime factors of 24398109?
3, 19, 61, 2339
What are the prime factors of 119517?
3, 39839
List the prime factors of 162501.
3, 54167
What are the prime factors of 1675062?
2, 3, 93059
What are the prime factors of 1855710?
2, 3, 5, 29, 79
What are the prime factors of 729032?
2, 91129
List the prime factors of 4728084.
2, 3, 394007
What are the prime factors of 204953?
7, 19, 23, 67
What are the prime factors of 314820?
2, 3, 5, 11, 53
What are the prime factors of 278533?
71, 3923
List the prime factors of 1557945.
3, 5, 89, 389
List the prime factors of 6757850.
2, 5, 11, 1117
List the prime factors of 1746402.
2, 3, 7, 43, 967
What are the prime factors of 8500072?
2, 7, 151787
List the prime factors of 59881.
233, 257
List the prime factors of 67573.
11, 6143
What are the prime factors of 140488?
2, 17, 1033
List the prime factors of 219571.
11, 19961
List the prime factors of 32243718.
2, 3, 13, 157, 2633
What are the prime factors of 7694766?
2, 3, 293, 1459
List the prime factors of 3210997.
41, 78317
List the prime factors of 12177995.
5, 37, 65827
What are the prime factors of 11672615?
5, 23, 101501
What are the prime factors of 183646?
2, 91823
What are the prime factors of 1692592?
2, 11, 59, 163
What are the prime factors of 261880?
2, 5, 6547
List the prime factors of 959763.
3, 7, 6529
What are the prime factors of 18165436?
2, 43, 105613
What are the prime factors of 769608?
2, 3, 7, 509
List the prime factors of 1436303.
11, 37, 3529
What are the prime factors of 289387?
7, 41341
List the prime factors of 10112861.
11, 919351
What are the prime factors of 158396?
2, 7, 5657
List the prime factors of 2483094.
2, 3, 413849
What are the prime factors of 194588?
2, 48647
What are the prime factors of 3117895?
5, 11, 83, 683
What are the prime factors of 557339?
557339
What are the prime factors of 586409?
29, 73, 277
List the prime factors of 3144056.
2, 393007
List the prime factors of 1367196.
2, 3, 113933
What are the prime factors of 95433?
3, 13, 2447
What are the prime factors of 46537?
173, 269
What are the prime factors of 295571?
295571
What are the prime factors of 197721?
3, 2441
List the prime factors of 1329280.
2, 5, 31, 67
List the prime factors of 171927.
3, 7, 2729
List the prime factors of 2010314.
2, 19, 52903
What are the prime factors of 703200?
2, 3, 5, 293
What are the prime factors of 3692308?
2, 19, 2557
List the prime factors of 112031.
112031
What are the prime factors of 1058858?
2, 389, 1361
List the prime factors of 7895.
5, 1579
List the prime factors of 21576.
2, 3, 29, 31
List the prime factors of 6051885.
3, 5, 7, 57637
List the prime factors of 11856717.
3, 1317413
List the prime factors of 1098595.
5, 23, 41, 233
What are the prime factors of 35252113?
13, 107, 25343
List the prime factors of 2716094.
2, 1358047
List the prime factors of 421838.
2, 17, 19, 653
List the prime factors of 1226551.
59, 20789
List the prime factors of 105747.
3, 101, 349
List the prime factors of 10595047.
10595047
What are the prime factors of 137279?
137279
What are the prime factors of 311926?
2, 23, 6781
List the prime factors of 29924953.
61, 490573
What are the prime factors of 1412588?
2, 353147
What are the prime factors of 29161465?
5, 5